re the prime factors of c?
3, 29
Suppose 3*j = 3*q + 15, 5*j - 3*q - q = 26. Let z be 2/2 - j/(-2). What are the prime factors of 6/z - 472/(-16)?
31
Let g(n) be the third derivative of -n**4/8 + 2*n**3/3 - 13*n**2. What are the prime factors of g(-2)?
2, 5
Let j(h) = h**3 + 6*h**2 + 6*h + 3. Let m be j(-5). What are the prime factors of (-91)/26*10*m?
2, 5, 7
Suppose 432*x - 35904 = 415*x. List the prime factors of x.
2, 3, 11
Suppose -5*k = -4*k - 915. What are the prime factors of k?
3, 5, 61
Let m be 121 + (-8 - 15/(-3)). Let c = m - -77. List the prime factors of c.
3, 5, 13
Let z = 146 + 53. Suppose 4*g + 4*k - 792 = 0, -z = 4*g - 3*k - 1019. List the prime factors of g.
2, 101
Suppose z + 3*z = 12. Let n = 109 - 86. Suppose m - z*g - n = 0, 0*m = 4*m + 4*g - 44. What are the prime factors of m?
2, 7
Let n = -30 + 30. Suppose -z = -5*d + 725, -4*d + n*z + 580 = z. List the prime factors of d.
5, 29
Let d(q) = -q**3 - 14*q**2 + 24*q + 36. List the prime factors of d(-19).
5, 277
Suppose -64 = -4*m - 28. List the prime factors of m.
3
Let o = 51 + 941. What are the prime factors of o?
2, 31
Suppose -y = -4*l + l + 125, -3*y + 25 = l. Suppose 4*i - i = z + l, 25 = 5*z. What are the prime factors of i?
3, 5
Let v = -4102 - -8538. List the prime factors of v.
2, 1109
Let b = 44 + -42. Suppose -b*v = k - 276, -3*v + 146 = 2*k - 266. What are the prime factors of v?
2, 5, 7
Let m = 316 + 268. List the prime factors of m.
2, 73
Let x(d) = -d + 19. Let r be x(15). Let t be (12/8)/(2/r). What are the prime factors of -6*(-3 - 2/t)?
2, 11
List the prime factors of (-37611)/(-105)*10/3.
2, 3, 199
Let u = 56 + -81. What are the prime factors of ((-2 - 0) + 1)*u?
5
What are the prime factors of (7 - (2 + -2))/((-3)/(-6))?
2, 7
Let q be (22/3)/((-10)/15). Let b = -8 - q. Suppose j - 3 = -4*v, -v = 2*j - b*v - 6. What are the prime factors of j?
3
Let b be 0/(-3 + 8 - 2). Suppose 5*n + 15 = 5*m, 3*m + 4*n - 2*n - 14 = b. Suppose 0 = -t - m, -2*k = -4*t - 0*t - 38. List the prime factors of k.
11
Suppose 7221 + 8115 = 18*u. What are the prime factors of u?
2, 3, 71
Let u = -807 + 1759. What are the prime factors of u?
2, 7, 17
What are the prime factors of (2820/4 - 3)/(12/56)?
2, 3, 7, 13
Let d(y) = -84*y + 14. Let o be d(-6). Suppose i - 96 = -4*g, 5*i - o = g - 2*g. List the prime factors of i.
2, 13
Let l = 10 - -1. Let p = 23 - l. Suppose -5*s = -u - 34 + p, 4*s - 20 = 0. What are the prime factors of u?
3
Let o = -20 + 22. Let l(q) = q**2 - q. Let n be l(o). Suppose -n*k + 5*x = -87, 5*x - 37 = -3*k + k. What are the prime factors of k?
31
Let h = 2857 - 1549. What are the prime factors of h?
2, 3, 109
Let n be 50/75 - 31/(-3). Suppose -32 = 7*p - n*p. List the prime factors of p.
2
Let j(u) = u**3 - 8*u**2 + 7*u - 7. Let t(h) = -3*h - 2. Let x be t(-3). Let w be j(x). Let r = 14 + w. List the prime factors of r.
7
Suppose 3076 = 13*c - 9*c - 2*j, j = -3*c + 2317. What are the prime factors of c?
3, 257
Suppose -57341 = -32*j - 8381. What are the prime factors of j?
2, 3, 5, 17
Let y(s) = s**2 - 10*s + 5. Let b be y(10). Suppose -v = r - 77, b*r - 3*r = 2*v + 146. List the prime factors of r.
3, 5
Let f = 57 - 13. Suppose -4 = -4*d - 4*w, -w = -4*d + 3*w + 28. Suppose -z + 2*t = 4 - 8, d*t + f = 5*z. List the prime factors of z.
2, 3
Suppose -5*x + 16 + 4 = 0. Suppose x*o - 81 = 3*o. List the prime factors of o.
3
Suppose -l - 24 = -4*f, 4*l - 2*l + 2*f = -58. Let j = -39 - l. Let r = 13 - j. What are the prime factors of r?
2, 3
Let u = -21 + 34. Suppose -4*q = -0*q - f - u, 4*f = -q + 16. What are the prime factors of (-10)/q*(-4 - 18)?
5, 11
Suppose 186 = -15*b + 231. Let g be 4/(2/12*2). Suppose -21 = -b*d + g. What are the prime factors of d?
11
Suppose -v + 5*i = -1767, v - 3*i + 8723 = 6*v. List the prime factors of v.
1747
Suppose -13 = -4*c - 25, 5*c + 1509 = 3*n. List the prime factors of n.
2, 3, 83
Suppose -c - 4*c = -90. What are the prime factors of (6/c - (-2)/12)*100?
2, 5
Suppose -9*i = -12*i + 240. Let w = 4 - 1. Suppose l = -w*l + i. What are the prime factors of l?
2, 5
Suppose 9*w = -3*k + 5*w + 839, 0 = -2*k - w + 561. What are the prime factors of k?
281
Let y = 18 - 16. Suppose -y*r + 4*d = -22, -6*r + 2*r = d - 44. What are the prime factors of r?
11
Let n(q) be the first derivative of q**3 - 2*q + 5. Let x(u) be the first derivative of n(u). What are the prime factors of x(1)?
2, 3
Let d = 3 + -15. Let z(i) = 10 - 14*i + 26*i**2 - i**3 - 39*i**2 + 0*i**3. List the prime factors of z(d).
2, 17
What are the prime factors of ((-12)/3)/(-4) + 67?
2, 17
Let y(l) = -44*l - 10. Let i be y(-6). Suppose -w + 4*b = 4*w + i, 4*w = -2*b - 224. Let g = -27 - w. What are the prime factors of g?
3
Let y(f) = 18*f - 17*f - f**3 + 9*f**2 - 3*f**2 + 3. What are the prime factors of y(4)?
3, 13
Let q(u) = 3*u**2 + 15*u + 119. List the prime factors of q(-18).
821
Let j(x) = 4*x - 25. Let u be j(18). Let i = 5 + -33. Let k = i + u. What are the prime factors of k?
19
Let g = -53 - 53. Suppose -4*n = -2*m - 618, -5*n + 2*m + 765 = -3*m. Let v = n + g. List the prime factors of v.
2, 5
Let n(f) = -15*f**3 - 6*f**2 - 21*f - 4. What are the prime factors of n(-3)?
2, 5, 41
What are the prime factors of 729*(-1 - 15/(-9))?
2, 3
List the prime factors of (-50)/(-15) + -5 + (-3336)/(-9).
3, 41
Suppose -5*w + 5 = -10. Suppose 2*v - 3*h + 278 = 7*v, -w*h + 3 = 0. List the prime factors of v.
5, 11
What are the prime factors of (-25 - -7)*10/(-4)?
3, 5
Suppose 0 = 44*r - 41*r - 1329. List the prime factors of r.
443
Let l(i) = 4*i**3 - 8*i**2 - 5*i + 6. Let c(s) = -s**3 + s + 1. Let z(a) = -2*c(a) - l(a). Let j be z(-5). Suppose -5*u - 142 = -j. List the prime factors of u.
3, 19
List the prime factors of -79*(-1692)/135 - 4/30.
2, 3, 5, 11
Let m = 2415 - 1302. What are the prime factors of m?
3, 7, 53
Suppose -3*a + 76 = w, 3*a + w + w = 80. Suppose 7*x = 172 + a. List the prime factors of x.
2, 7
Let a(t) be the first derivative of t**2/2 - 7*t - 2. Let o be a(9). Suppose -w + 39 = o*w. What are the prime factors of w?
13
Let i(l) = 8*l**3 - 3*l**2 + 2*l. Let b be i(1). Let f(h) = 4*h - 25. What are the prime factors of f(b)?
3
Suppose -5*a - 2041 = -3*i, i = 2*i + 2*a - 695. What are the prime factors of i?
3, 229
Suppose -3*r + 49 + 23 = 0. Let h = 38 + r. What are the prime factors of h?
2, 31
Let h be (-211)/(-2) + (-1)/(-2). Suppose h = -6*f + 7*f. What are the prime factors of f?
2, 53
Suppose 6615 = -12*s + 5*s. What are the prime factors of 2/10 + s/(-25)?
2, 19
Let t(x) = x**3 + 8*x**2 + 11*x + 2. Let v(z) = 2*z + 35. Let q be v(-20). What are the prime factors of t(q)?
2, 11
Suppose 38 = 2*d + 3*g, -2*g = d - 0*g - 20. Let o = d + -27. Let b = -8 - o. List the prime factors of b.
3
Let s(g) = 48*g - 179. List the prime factors of s(27).
1117
Suppose 2*g - 3*i - 2927 = 351, 5*i = g - 1625. What are the prime factors of g?
5, 7, 47
Suppose 172 = 2*x + 2*x. Suppose 7*g - x = 181. Let l = 64 - g. What are the prime factors of l?
2
Let f be 82*(-3)/12*2. Let t = f - -68. What are the prime factors of t?
3
Suppose 23*z = 27*z + 456. Let h = 270 + z. List the prime factors of h.
2, 3, 13
Let h(v) = v - 4. Let i(t) = 6*t - 27. Let q(m) = 27*h(m) - 4*i(m). Let f be (12/(-9))/((-1)/6). List the prime factors of q(f).
2, 3
Suppose 177*u = 172*u + 8285. List the prime factors of u.
1657
Let z(c) = -3*c**3 - 11*c**2 - 81*c + 2. What are the prime factors of z(-8)?
2, 3, 13, 19
Suppose 0 = 2*s - 5*w - 42, -2*w = -4*s - 4*w + 84. Suppose s*h - 25*h = -304. List the prime factors of h.
2, 19
What are the prime factors of (39/9 + -4)*6 + 1467?
13, 113
Suppose 581 = -2*c - 5*c. Let f = 79 - c. What are the prime factors of f?
2, 3
Suppose 824 = 10*v - 2396. List the prime factors of v.
2, 7, 23
Suppose -l - 1 - 2 = 0. Let c = -3 + l. List the prime factors of (-9)/(-3)*(-76)/c.
2, 19
Suppose -2*z = -66 - 114. What are the prime factors of ((-2 - -4) + -1)*z?
2, 3, 5
Suppose 4*b = -b + 10. Let l = 5 + -3. What are the prime factors of ((-7)/l)/((-1)/b)?
7
Let r(j) = j**2 - 17*j + 2. Let c be r(17). Let n(k) = 7*k + 5. List the prime factors of n(c).
19
Suppose -m - 2 + 1 = -h, 2*h + 18 = -2*m. What are the prime factors of (-3)/(-6) - 10/h?
3
Suppose 0*s